+ -5 + -9 + 15
6
What is (-6 - (-6 - -1) - 4) + 8?
3
-1 + -3 + 1 + 0 - -4
1
What is the value of -2 - -2 - 4 - -3?
-1
Evaluate -3 + 8 + 0 - (3 - 0).
2
-5 - (1 - 5) - 3
-4
(2 - (0 + 0)) + (56 - 64)
-6
What is the value of 3 - -1 - (2 + 2)?
0
Evaluate (-7 - -12) + -7 + -2.
-4
What is 0 + -3 + (-8 - -6) + 9?
4
Calculate (1 - -1) + 7 + -11 - -2.
0
-7 + 9 - (2 - 1)
1
Evaluate (2 + 1 + -5 - -4) + -8.
-6
5 + 0 + -2 + -11 + 14
6
Evaluate (-17 + 19 - (-1 + 0)) + -6.
-3
Evaluate 16 + -13 + 5 - 12.
-4
What is 32 + -32 - (0 + -5 + -2)?
7
8 - (6 - 2) - 1 - 3
0
Evaluate -3 - (-1 - -2 - 0).
-4
What is 2 - (0 - -2) - (20 - 19)?
-1
Calculate 4 + -4 + 0 + (1 - 7).
-6
13 + 3 + -5 + -5
6
Evaluate (2 + -16 + 4 - -4) + 3.
-3
Evaluate 2 - (-1 - 0) - (2 - 0).
1
Calculate 6 - (-10 + (13 - -8)).
-5
What is 0 + 2 - (3 + (-4 - -5))?
-2
(0 - 0) + -7 + 2
-5
Evaluate -13 - (14 + (-13 - 11)).
-3
What is the value of (-196 - -183) + 6 + 1?
-6
What is -18 + 5 + 28 + -19?
-4
-7 + 0 - (10 + (11 - 27))
-1
What is 1 + 1 + (0 - (-5 + 8))?
-1
Calculate 2 - (1 - (2 - -2)) - 2.
3
What is -2 - -2 - (-1 + 1 + 3)?
-3
What is the value of 2 + -2 - (-8 + 2 + 2)?
4
What is 22 + -11 + -14 - (4 + -1)?
-6
Calculate (-5 - (-11 - -5)) + 0 + -1.
0
What is -4 - (1 + (-1 - 1) + -1)?
-2
Calculate -3 - (-4 + -9 + 8).
2
Calculate 0 + -3 + -3 + 3 - -3.
0
What is 3 - (-6 - -6) - 7?
-4
What is 14 - 1 - 18 - (2 + -1)?
-6
What is the value of -127 + 129 + (0 - (2 - 1))?
1
-8 - (1 - 7 - (4 - 7))
-5
Evaluate (-1 - -1) + -2 + 2 - -2.
2
6 + -4 + 0 - (2 - -5)
-5
Calculate -4 + -1 + -12 + (11 - 0).
-6
What is the value of -2 + 10 + (5 - 8)?
5
-1 + 1 - (0 - (2 + -5))
-3
Evaluate 15 + 1 + -2 + -11.
3
Calculate 11 + 12 + (-39 - -12).
-4
-9 + 9 + -6 + 5
-1
What is the value of 4 - -1 - (5 + (-14 - -4))?
10
(-2 - -4) + -1 + -2 + 1
0
What is the value of 2 + (-6 - 0) + 2?
-2
-8 - (1 + (-3 - 12)) - 0
6
Calculate -3 + 0 + 8 - (-19 - -25).
-1
Evaluate 21 + -17 + -2 + -2 - -2.
2
(4 - (-8 + 18)) + 2
-4
5 + -9 + 14 + (-1 - 5)
4
Calculate (1 - 3) + 3 + (3 - 2).
2
Calculate -4 + 11 + -5 - 0.
2
Evaluate 7 + -12 - (-1 - -3 - 5).
-2
What is 1 + 9 + -10 + 5?
5
What is (4 - (1 - -5)) + 0?
-2
Calculate 3 - (-3 + 12 + -4 - 0).
-2
(-4 + 5 - 1) + 0 - 2
-2
What is the value of 1 + (-2 - -4 - 4)?
-1
What is the value of -9 + 1 + 2 + 5?
-1
Calculate (6 - 1) + (1 - 2) + -2.
2
What is 0 - 0 - (6 + -4 - 1)?
-1
6 + (8 - 7) + 1 + 0
8
What is the value of 0 + 2 + -7 + 5?
0
Calculate -2 + -1 - -4 - -4.
5
Evaluate -6 - -1 - (-12 - -1) - 13.
-7
Evaluate -7 + (-8 - (2 + -8)) + 7.
-2
Evaluate -9 + (8 - ((3 - 10) + 9)).
-3
Evaluate 4 - (-5 + (-3 - -12) - 3).
3
2 - (11 - (10 + -1 + -4))
-4
Calculate (8 - 4) + (-2 - -2).
4
-7 - (-2 + 9 + -1 - 9)
-4
What is -182 + 190 - (1 + 1 + -3)?
9
Evaluate 10 + (-10 - (-5 + 0)).
5
8 + -5 + -1 + (0 - -1)
3
Calculate 5 + (1 - (-4 - (-2 + -6))).
2
(4 + -6 - 6) + (-1 - -4)
-5
5 - ((4 - 0) + (4 - 4))
1
What is -5 - (1 + (0 - (8 - -2)))?
4
What is -1 + 5 + 0 + -5?
-1
Calculate -8 + -75 + 82 + 0 + -6.
-7
-5 - -6 - (0 + 3 + -4)
2
(-2 - (1 + 1)) + 4
0
-3 + 0 + 8 + -2
3
What is the value of 0 - ((-18 - -9) + 3)?
6
6 - 4 - -1 - (0 - -9)
-6
What is the value of 0 + 4 + -4 + -3 + 6?
3
What is 3 + 0 + -3 - (-5 - -3)?
2
Evaluate 5 - (6 + (-4 - 0)).
3
Calculate 0 + 3 + -5 + 2.
0
Evaluate -1 - (1 - 4 - -3).
-1
Evaluate (-2 - 1) + -5 + 7.
-1
What is the value of 0 + -5 + (20 - 11)?
4
What is -4 + -3 - (3 - 10)?
0
What is the value of 0 - (8 - 5 - -4)?
-7
What is (-2 - (-1 + 0)) + (-14 - -11)?
-4
Calculate 3 + 0 + 21 + -17.
7
Evaluate -10 + (4 - 4) + 5.
-5
Calculate -5 - (2 + 1 - 5) - 2.
-5
Calculate -8 + -8 + (6 - -6).
-4
What is 12 - (3 + -4 + 6)?
7
What is -1 + (6 + 15 - 3) + -8?
9
What is 14 + -24 - (-5 - 0)?
-5
What is the value of -4 + 5 + -2 + 8 + -4?
3
What is 7 - (4 - -1) - (0 - 1)?
3
Calculate (-3 - 1) + 2 + (-1 - -1).
-2
What is 2 - ((-5 - 0) + 12) - 1?
-6
Evaluate -3 + -1 + -4 + 3.
-5
Calculate -6 + -6 + 1 + 6.
-5
-1 + -5 + 3 + 5
2
What is 1 + 0 - (13 + -14)?
2
Calculate (-1 + -2 + 3 - 0) + -7.
-7
What is -1 + -1 + -5 + 8 + -1?
0
Evaluate -1 + -3 + 2 + 0.
-2
What is the value of 7 - (7 - (-2 - -5))?
3
What is -5 + 11 - (2 + 2)?
2
-6 + 0 + 5 - 0
-1
Calculate 6 - 8 - (-1 - -1).
-2
What is 1 + 0 - (-2 - (5 + -7))?
1
What is (1 - 4) + 2 + 3?
2
Calculate -4 + -6 + (7 - 3) + 2.
-4
4 + (6 - (5 + 0) - 6)
-1
What is the value of (12 - 11) + (4 - (-1 - -2))?
4
Calculate -1 + -1 + (-2 - 0).
-4
What is 4 + -8 - (-2 + -1) - 1?
-2
What is the value of (2 - (1 - 3)) + (-5 - 1)?
-2
-4 + (3 - 7 - -8 - -5)
5
What is the value of (-2 + 5 - 6) + 1?
-2
Evaluate 7 + 0 + (-72 - -63).
-2
Evaluate 10 + -3 + -2 + (-5 - -1).
1
What is the value of -33 + 9 + 22 + 1 + -3?
-4
What is 8 + 0 + (15 - (6 + 12))?
5
What is 3 - ((1 - 3) + (0 - -6))?
-1
Evaluate -8 - (-10 - 1 - -8).
-5
Calculate 4 + (0 - (5 + 3) - 0).
-4
Calculate -5 + 1 - (98 + -106).
4
Evaluate 2 + -2 + 2 + 7 + -4.
5
What is the value of 16 + 1 + 6 + -16?
7
What is the value of 3 + (-12 - (-2 - (-2 - 0)))?
-9
3 - (-3 + 5) - (-5 + 4)
2
Evaluate -6 + (-2 - -10) - 2.
0
What is -3 + (10 - 4) + -14 - -4?
-7
What is the value of -6 + -3 - (-24 + 21)?
-6
-5 - (-7 + 18 + -22)
6
Calculate 3 + (-4 - ((-5 - -8) + -1)).
-3
What is the value of 10 - (2 - -4) - 0?
4
What is the value of 4 + (4 + 3 - 3 - -2)?
10
What is -11 + (4 - -2) + 2?
-3
What is the value of 1 - ((-5 + 1 - -7) + 0)?
-2
Calculate 4 - 0 - (-1 + 1).
4
Evaluate 8 + -8 + 9 + -12.
-3
Evaluate 4 + -1 + -1 + 1.
3
What is -5 + (-2 + 3 - (-4 - -5))?
-5
What is the value of -7 + 8 - (-2 - -9)?
-6
What is -8 + 2 - (-3 + 0) - -2?
-1
What is (5 + -6 - 0 - 0) + 1?
0
(0 - 3) + 2 + -3
-4
Calculate -4 - (-1 + 5 + -5).
-3
Evaluate (4 - 2) + -4 - -6.
4
Evaluate 11 - 15 - (-2 + 1).
-3
Evaluate -6 - (4 + (-5 - 1)).
-4
(-1 - -1) + 7 + -12 + 8
3
What is the value of (6 - -1) + (-6 + -7 - -10)?
4
3 + (-1 - 0 - (1 - 3))
4
What is the value of 3 + -12 - (0 - 4) - -1?
-4
What is -2 + -1 + (-4 - 1) + 6?
-2
Evaluate -6 - -3 - (-2 - (6 - 1)).
4
What is 3 + -14 + (8 - 2)?
-5
What is the value of 11 - 13 - 6 - (0 - 3)?
-5
-5 - 0 - -6 - -1
2
What is the value of 10 + -13 + 1 - -1?
-1
Evaluate -1 + -4 + 6 + -2.
-1
What is the value of (6 - (0 + 1 - 5)) + -5?
5
What is (-3 - 1) + (-19 - -24) + 4?
5
What is (-1 + 6 - 3 - 1) + 3?
4
What is the value of 6 + (-7 - 4) - 1?
-6
Evaluate -3 - (-11 - (-2 + -1)).
5
9 - (1 + -4 - -1 - -6)
5
-3 + (2 + -5 + -2 - -5)
-3
What is the value of -3 + 13 + -8 + 1?
3
-8 - -4 - (4 - 5)
-3
What is the value of -3 + (2 - (-1 + 5 - 7))?
2
Calculate 4 + -3 + -4 - -5.
2
Evaluate -5 - (-17 - -6) - 8.
-2
Evaluate (-3 - 0) + 7 + -4.
0
Evaluate 3 + -1 - (12 - 6).
-4
Calculate (7 - -2 - 14) + 5.
0
What is the value of -3 - (1 + -8) - (-1 - -5)?
0
What is (6 - (-3 + 10 - 4)) + 1?
4
Evaluate (3 - (-1 + -3)) + 12 + -16.
3
Evaluate -4 + 4 + 5 - 0.
5
-14 + (-13 - -35) - 5
3
1 - 7 - (-1 + -5)
0
Calculate -1 - (-4 - (-10 + 3) - -1).
-5
What is the value of 2 + 3 + -1 + 3 + -13?
-6
Evaluate -3 + 3 + 4 + -5.
-1
Evaluate 2 + (-4 - -6) + -6 + 0.
-2
Evaluate -3 + (5 - (-2 + -1 - -5)).
0
What is the value of -4 + 10 + -4 + 0 + -4?
-2
Evaluate 1 - (-7 - (-14 - -7)).
1
0 + (-5 - -4) - 4
-5
Calculate (2 - 0) + 5 + (-1 - 1).
5
(12 - (-15 - -21)) + -4 + 1
3
Calculate 0 + 0 - 0 - (3 + -3).
0
Calculate 2 - 4 - -1 - 4.
-5
What is 9 + 3 + -13 - (2 + 2)?
-5
Calculate 7 + -9 + 2 + -5 + 1.
-4
What is -1 - (4 - (-3 - -9))?
1
Calculate -3 - (-4 - (5 - 3)).
3
What is the value of 1 + 7 + -5 + -4?
-1
What is 1 + (0 + -3 - -1 - 1)?
-2
What is 13 - (10 + 4) - (4 - 2)?
-3
(-2 - -6 - 1) + 0 - 4
-1
Evaluate 0 - 15 - (-103 + 98).
-10
Calculate 4 + -2 + 0 + 0 + 2.
4
What is (0 + 4 + 0 - 2) + 2?
4
8 - (-6 + 7 + 7)
0
What is the value of -11 + 0 + 13 - (-3 - -2)?
3
Evaluate -14 - (-4 - -2 - 8).
-4
What is (12 - 19) + 8 - -5?
6
What is (1 - 2) + 2 + (10 - 10)?
1
What is 23 - -2 - 5 - 11?
9
Calculate 2 + -8 + -8 + 11.
-3
Evaluate -11 + 8 + 0 + (4 - -1).
2
(0 - 0) + -10 + 10
0
What is (1 - -3) + 1 - (0 + -6)?
11
Evaluate 1 + (4 - 7) + (-2 - -5).
1
What is 7 - ((8 - -1) + -3) - -4?
5
Evaluate -8 + (-6 - -5) + 13.
4
-7 - (-7 + (0 - 0) + 0)
0
What is (-2 - -5) + (-9 - (-8 + -3))?
5
1 - 3 - (-4 + 8 - 10)
4
What is (-7 - -2) + 11 - 3?
3
What is the value of 4 + (-9 - 4) + 7?
-2
What is th